en 13534463 is divided by 2959.
2956
Calculate the remainder when 56754553 is divided by 28377260.
33
Calculate the remainder when 49551324 is divided by 83.
75
What is the remainder when 548898 is divided by 126?
42
What is the remainder when 1441851 is divided by 9942?
261
What is the remainder when 5422027 is divided by 57?
16
Calculate the remainder when 795784 is divided by 148.
136
What is the remainder when 29444 is divided by 9692?
368
What is the remainder when 4882413 is divided by 1627468?
9
What is the remainder when 314942 is divided by 78730?
22
Calculate the remainder when 21435441 is divided by 268.
265
What is the remainder when 1739090 is divided by 2952?
362
Calculate the remainder when 158829471 is divided by 27661.
9
What is the remainder when 1630457 is divided by 203804?
25
Calculate the remainder when 3601039 is divided by 276995.
104
Calculate the remainder when 187762 is divided by 2136.
1930
Calculate the remainder when 5104 is divided by 318.
16
What is the remainder when 60683029 is divided by 8?
5
What is the remainder when 741428 is divided by 57023?
129
Calculate the remainder when 40578535 is divided by 634.
633
What is the remainder when 3704865 is divided by 211?
127
Calculate the remainder when 3051583 is divided by 11782.
45
What is the remainder when 1929436 is divided by 31?
27
What is the remainder when 5885 is divided by 2892?
101
What is the remainder when 3417767 is divided by 379751?
8
What is the remainder when 458004830 is divided by 137?
130
Calculate the remainder when 874646 is divided by 874607.
39
Calculate the remainder when 755511 is divided by 26047.
148
What is the remainder when 27657 is divided by 141?
21
Calculate the remainder when 36295935 is divided by 2043.
2040
What is the remainder when 2343696 is divided by 585900?
96
Calculate the remainder when 95595 is divided by 928.
11
Calculate the remainder when 818142 is divided by 154.
94
Calculate the remainder when 1133851 is divided by 1833.
1057
What is the remainder when 434937978 is divided by 17?
16
What is the remainder when 238010 is divided by 134?
26
What is the remainder when 7436089 is divided by 4059?
1
What is the remainder when 5852790 is divided by 983?
8
Calculate the remainder when 29542 is divided by 4840.
502
Calculate the remainder when 18134118 is divided by 7.
2
Calculate the remainder when 62456873 is divided by 76.
73
Calculate the remainder when 7368953 is divided by 959.
956
What is the remainder when 17118357 is divided by 2735?
2727
Calculate the remainder when 9782636 is divided by 111166.
28
What is the remainder when 3263572 is divided by 15690?
52
What is the remainder when 225700 is divided by 13076?
3408
What is the remainder when 215592 is divided by 1355?
147
Calculate the remainder when 31194628 is divided by 10211.
23
What is the remainder when 41255 is divided by 543?
530
What is the remainder when 1127931801 is divided by 157?
155
Calculate the remainder when 73054 is divided by 1793.
1334
What is the remainder when 351053 is divided by 116110?
2723
Calculate the remainder when 622229 is divided by 7407.
41
Calculate the remainder when 363391 is divided by 10086.
295
Calculate the remainder when 7244176 is divided by 163.
130
What is the remainder when 211723 is divided by 3257?
18
Calculate the remainder when 601830 is divided by 200580.
90
What is the remainder when 29239521 is divided by 9993?
3
Calculate the remainder when 360505 is divided by 321.
22
Calculate the remainder when 31560 is divided by 574.
564
Calculate the remainder when 10265704 is divided by 372.
364
What is the remainder when 585113 is divided by 636?
629
What is the remainder when 1631100 is divided by 979?
86
Calculate the remainder when 34500 is divided by 8539.
344
What is the remainder when 8164822 is divided by 491?
474
Calculate the remainder when 32990262 is divided by 16495118.
26
What is the remainder when 1224224 is divided by 934?
684
Calculate the remainder when 1538127 is divided by 1947.
1944
Calculate the remainder when 6360734 is divided by 3152.
3150
What is the remainder when 1108763 is divided by 369585?
8
Calculate the remainder when 972782 is divided by 1304.
1302
What is the remainder when 129952 is divided by 1857?
1819
Calculate the remainder when 5179 is divided by 2216.
747
Calculate the remainder when 57689 is divided by 210.
149
What is the remainder when 538376 is divided by 179454?
14
What is the remainder when 567630 is divided by 1262?
992
Calculate the remainder when 42496 is divided by 10419.
820
Calculate the remainder when 4101275 is divided by 21.
17
Calculate the remainder when 15420940 is divided by 1927617.
4
What is the remainder when 4784851 is divided by 2392392?
67
What is the remainder when 10066861 is divided by 26?
25
Calculate the remainder when 5534853 is divided by 2311.
8
Calculate the remainder when 58008 is divided by 158.
22
Calculate the remainder when 23740341 is divided by 854.
849
What is the remainder when 8496736 is divided by 472039?
34
What is the remainder when 4346177 is divided by 10084?
10057
What is the remainder when 233321 is divided by 353?
341
What is the remainder when 1653342 is divided by 24?
6
What is the remainder when 257163 is divided by 2761?
390
What is the remainder when 637178 is divided by 52922?
2114
Calculate the remainder when 35423 is divided by 35356.
67
Calculate the remainder when 75454 is divided by 4971.
889
Calculate the remainder when 5217 is divided by 3690.
1527
Calculate the remainder when 8353929 is divided by 158.
153
What is the remainder when 26909793 is divided by 157?
150
Calculate the remainder when 722722 is divided by 180653.
110
What is the remainder when 150113163 is divided by 12?
3
What is the remainder when 1609470 is divided by 7963?
944
Calculate the remainder when 7163223 is divided by 1790715.
363
What is the remainder when 5261183 is divided by 311?
307
What is the remainder when 102221 is divided by 33347?
2180
What is the remainder when 427626 is divided by 71268?
18
What is the remainder when 227640 is divided by 64?
56
What is the remainder when 26156553 is divided by 1151?
78
What is the remainder when 12315604 is divided by 728?
28
Calculate the remainder when 23242879 is divided by 2582539.
28
Calculate the remainder when 129259 is divided by 2053.
1973
Calculate the remainder when 9028038 is divided by 564252.
6
Calculate the remainder when 312031 is divided by 1668.
115
What is the remainder when 21831749 is divided by 10?
9
Calculate the remainder when 3430066 is divided by 38.
34
What is the remainder when 601560 is divided by 22276?
108
Calculate the remainder when 75059962 is divided by 8339993.
25
Calculate the remainder when 8957 is divided by 4665.
4292
What is the remainder when 1599769 is divided by 367?
16
Calculate the remainder when 2648301 is divided by 343.
341
Calculate the remainder when 17259211 is divided by 99764.
39
Calculate the remainder when 53624 is divided by 26162.
1300
Calculate the remainder when 672983 is divided by 168240.
23
What is the remainder when 663366 is divided by 15419?
349
What is the remainder when 526839 is divided by 52?
27
Calculate the remainder when 22408 is divided by 18674.
3734
Calculate the remainder when 3184015 is divided by 272.
255
What is the remainder when 15452 is divided by 3477?
1544
What is the remainder when 283544 is divided by 553?
408
What is the remainder when 50449647 is divided by 1051034?
15
Calculate the remainder when 90280 is divided by 11269.
128
What is the remainder when 17710273 is divided by 153?
64
What is the remainder when 342655612 is divided by 861?
859
What is the remainder when 9262081 is divided by 179?
84
Calculate the remainder when 10399129 is divided by 9737.
13
What is the remainder when 17479 is divided by 423?
136
Calculate the remainder when 5105494 is divided by 7141.
6820
What is the remainder when 209026 is divided by 5?
1
Calculate the remainder when 14756890 is divided by 413.
400
Calculate the remainder when 63063 is divided by 21015.
18
Calculate the remainder when 148927 is divided by 5700.
727
Calculate the remainder when 39768 is divided by 6436.
1152
Calculate the remainder when 65411827 is di